{"id":8,"date":"2020-09-17T22:30:55","date_gmt":"2020-09-17T13:30:55","guid":{"rendered":"http:\/\/barnirun.info\/wp\/noseden\/?page_id=8"},"modified":"2026-04-20T10:26:45","modified_gmt":"2026-04-20T01:26:45","slug":"inquiry","status":"publish","type":"page","link":"https:\/\/barnirun.info\/wp\/noseden\/inquiry\/","title":{"rendered":"\u3010NOSE KNITs\u3011\u304a\u554f\u3044\u5408\u308f\u305b"},"content":{"rendered":"\n<a href=\"http:\/\/timeline.line.me\/social-plugin\/share?url=https:\/\/barnirun.info\/wp\/noseden\/inquiry\/\" target=\"_blank\" rel=\"noopener noreferrer\">\n<img decoding=\"async\" src=\"\/images\/btn_line.png\"><\/a> \n<a href=\"https:\/\/twitter.com\/intent\/tweet?text=\u3010NOSE KNITs\u3011\u304a\u554f\u3044\u5408\u308f\u305b%20https:\/\/barnirun.info\/wp\/noseden\/inquiry\/%20%23NoseKNITs\" target=\"_blank\" rel=\"noopener noreferrer\">\n<img decoding=\"async\" src=\"\/images\/btn_tw.png\"><\/a> \n<a href=\"https:\/\/www.addtoany.com\/add_to\/facebook?linkurl=https:\/\/barnirun.info\/wp\/noseden\/inquiry\/\" target=\"_blank\" rel=\"noopener noreferrer\">\n<img decoding=\"async\" src=\"\/images\/btn_fb.png\"><\/a>\n<a href=\"https:\/\/www.threads.net\/intent\/post?text=\u3010NOSE KNITs\u3011\u304a\u554f\u3044\u5408\u308f\u305b%20https:\/\/barnirun.info\/wp\/noseden\/inquiry\/%20%23NoseKNITs\" target=\"_blank\" rel=\"noopener noreferrer\">\n<img decoding=\"async\" src=\"\/images\/btn_th.png\"><\/a>\n<a href=\"https:\/\/bsky.app\/intent\/compose?text=\u3010NOSE KNITs\u3011\u304a\u554f\u3044\u5408\u308f\u305b%20https:\/\/barnirun.info\/wp\/noseden\/inquiry\/%20%23NoseKNITs\" target=\"_blank\" rel=\"noopener noreferrer\">\n<img decoding=\"async\" src=\"\/images\/btn_bs.png\"><\/a>\n<br>\u3000<br>\n\n\n\n<p>\u5f53\u30b5\u30a4\u30c8\uff08\u306e\u305b\u30cb\u30c3\u30c4\uff09\u3078\u306e\u5404\u7a2e\u304a\u554f\u3044\u5408\u308f\u305b\u306f\u3001<br>\u57fa\u672c\u7684\u306bTwitter\u306eDM\u306b\u3066\u304a\u4f3a\u3044\u3057\u307e\u3059\u3002<\/p>\n\n\n\n<p>Twitter\u306e\u30a2\u30ab\u30a6\u30f3\u30c8\u3092\u304a\u6301\u3061\u3067\u306a\u3044\u65b9\u306f\u3001\u5404\u30da\u30fc\u30b8\u3078\u306e\u30b3\u30e1\u30f3\u30c8\u3067\u3082\u5bfe\u5fdc\u53ef\u80fd\u3067\u3059\u3002<\/p>\n\n\n\n<p>\uff08\u3053\u306e\u30da\u30fc\u30b8\u306e\u4e0b\u90e8\u306e\u30b3\u30e1\u30f3\u30c8\u3067\u3082OK\u3067\u3059\u3002<br>\u3000\u30b3\u30e1\u30f3\u30c8\u306e\u5834\u5408\u3001\u627f\u8a8d\u3059\u308b\u307e\u3067\u5916\u90e8\u306b\u516c\u958b\u3055\u308c\u307e\u305b\u3093\u3002\uff09<\/p>\n\n\n\n<p>\u30b3\u30e1\u30f3\u30c8\u3078\u306e\u8fd4\u4fe1\u306f\u3001\u57fa\u672c\u7684\u306b72\u6642\u9593\u4ee5\u5185\u306b\u30b3\u30e1\u30f3\u30c8\u3092\u9802\u3044\u305f\u30da\u30fc\u30b8\u306b\u8a18\u8f09\u3057\u307e\u3059\u3002<\/p>\n\n\n\n<p>\u30b3\u30e1\u30f3\u30c8\u3084\u8fd4\u4fe1\u304c\u975e\u516c\u958b\u5e0c\u671b\u306e\u5834\u5408\u306f\u3001\u975e\u516c\u958b\u5e0c\u671b\u306e\u65e8\u304a\u3088\u3073<br>\u4ee3\u308f\u308a\u306e\u9023\u7d61\u5148\uff08\u30e1\u30fc\u30eb\u30a2\u30c9\u30ec\u30b9\u7b49\uff09\u3092\u30b3\u30e1\u30f3\u30c8\u306e\u672c\u6587\u4e2d\u306b\u8a18\u8f09\u304f\u3060\u3055\u3044\u3002<\/p>\n\n\n\n<p>\u904b\u55b6\u8005\u60c5\u5831\u306b\u3064\u3044\u3066\u306f<a href=\"\/wp\/noseden\/about\">\u3053\u306e\u30b5\u30a4\u30c8\u306b\u3064\u3044\u3066<\/a>\u3092\u3054\u53c2\u7167\u304f\u3060\u3055\u3044\u3002<\/p>\n\n\n\n<br>\n\u3010Twitter\u3011<br>\n\u3054\u8cea\u554f\u3084\u304a\u554f\u3044\u5408\u308f\u305b\u3001\u30ea\u30f3\u30af\u7533\u8acb\u3001\u5e83\u544a\u51fa\u7a3f\u4f9d\u983c\u306a\u3069\u306a\u3069\u3001<br>\n\u4ee5\u4e0b\u306e\u30a2\u30ab\u30a6\u30f3\u30c8\u5b9b\u3066\u306b\u304a\u6c17\u8efd\u306bDM\u304a\u5f85\u3061\u3057\u3066\u304a\u308a\u307e\u3059\u3002<br>\n\u307e\u305f\u3001\u30c4\u30a4\u30fc\u30c8\u306e\u5f15\u7528\u57cb\u3081\u8fbc\u307f\u3092\u62d2\u5426\u3055\u308c\u308b\u5834\u5408\u306f<br>\n\uff08\u5143\u3005FF\u306e\u65b9\u3067\u3042\u3063\u3066\u3082\uff09\u5f53\u30a2\u30ab\u30a6\u30f3\u30c8\u3092\u30d6\u30ed\u30c3\u30af\u3057\u3066\u4e0b\u3055\u3044\u3002<br><br>\n<blockquote class=\"twitter-tweet\"><p lang=\"ja\" dir=\"ltr\">\u3010\u65b0WordPress\u30ea\u30ea\u30fc\u30b9\u203c\ufe0f\u3011<br><br>\u300eNOSE KNITs\u300f\u672c\u65e5\u30aa\u30fc\u30d7\u30f3\u3044\u305f\u3057\u307e\u3057\u305f\u3002<br>\u3000\u21d2 <a href=\"https:\/\/t.co\/B9p9u7UEbS\">https:\/\/t.co\/B9p9u7UEbS<\/a><br><br>\u306e\u305b\u3067\u3093\u6cbf\u7dda\uff08Kawanishi \u00d7 Nose \u00d7 Inagawa \u00d7 Toyono\uff09\u5404\u5730\u306e\u300c\u4eca\u300d\u306b\u30a2\u30f3\u30c6\u30ca\u3092\u5f35\u308a\u3001\u9b45\u529b\u3092\u3054\u7d39\u4ecb\u3059\u308bWeb\u30b5\u30a4\u30c8\u3092\u76ee\u6307\u3057\u307e\u3059\u3002<br>\u7686\u69d8\u306e\u304a\u8d8a\u3057\u3092\u304a\u5f85\u3061\u3057\u3066\u304a\u308a\u307e\u3059\u3002<a href=\"https:\/\/twitter.com\/hashtag\/%E3%81%AE%E3%81%9B%E3%81%A7%E3%82%93?src=hash&amp;ref_src=twsrc%5Etfw\">#\u306e\u305b\u3067\u3093<\/a><a href=\"https:\/\/twitter.com\/hashtag\/NoseKNITs?src=hash&amp;ref_src=twsrc%5Etfw\">#NoseKNITs<\/a> <a href=\"https:\/\/t.co\/punzlHOvQO\">pic.twitter.com\/punzlHOvQO<\/a><\/p>\u2014 nirvash\uff20\u306e\u305b\u3067\u3093\u60c5\u5831\u65b0WP\u30aa\u30fc\u30d7\u30f3\uff01 (@FR_nirvash) <a href=\"https:\/\/twitter.com\/FR_nirvash\/status\/1311501213100175360?ref_src=twsrc%5Etfw\">October 1, 2020<\/a><\/blockquote> <script async=\"\" src=\"https:\/\/platform.twitter.com\/widgets.js\" charset=\"utf-8\"><\/script>\n<br><br>\n\u3010E-MAIL\u3011<br>\n\u30e1\u30fc\u30eb\u306e\u5834\u5408\u306f\u3001<a href=\"mailto:nir494912+nose@gmail.com\" subject=\"\u3010NOSE KNITs\u3011\u4ef6\u540d\u3092\u3053\u3053\u306b\u5165\u529b\">\u3053\u3061\u3089<\/a>\u304b\u3089\u304a\u9001\u308a\u304f\u3060\u3055\u3044\u3002<br>\n\uff08\u53d7\u4fe1\u306b\u6c17\u4ed8\u304f\u307e\u3067\u306b\u6570\u65e5\u304b\u304b\u308b\u5834\u5408\u304c\u3042\u308a\u307e\u3059\uff09<br> <!--  -->\n\n\n\n<p>\u3000<\/p>\n\n\n\n<p class=\"has-red-color has-text-color has-link-color wp-elements-995095eb0cbb5cdd90d7507f4e22c369\">This website is for Japanese only.<br>However, this excludes the <a href=\"https:\/\/barnirun.info\/wp\/noseden\/category\/english\/\">English version pages<\/a>.<br>Any comments <strong>containing URLs in the body text<\/strong> will be treated as spam without being reviewed.<\/p>\n","protected":false},"excerpt":{"rendered":"<p>\u3000 \u5f53\u30b5\u30a4\u30c8\uff08\u306e\u305b\u30cb\u30c3\u30c4\uff09\u3078\u306e\u5404\u7a2e\u304a\u554f\u3044\u5408\u308f\u305b\u306f\u3001\u57fa\u672c\u7684\u306bTwitter\u306eDM\u306b\u3066\u304a\u4f3a\u3044\u3057\u307e\u3059\u3002 Twitter\u306e\u30a2\u30ab\u30a6\u30f3\u30c8\u3092\u304a\u6301\u3061\u3067\u306a\u3044\u65b9\u306f\u3001\u5404\u30da\u30fc\u30b8\u3078\u306e\u30b3\u30e1\u30f3\u30c8\u3067\u3082\u5bfe\u5fdc\u53ef\u80fd\u3067\u3059\u3002 \uff08\u3053\u306e\u30da\u30fc\u30b8\u306e\u4e0b\u90e8\u306e\u30b3\u30e1\u30f3\u30c8\u3067\u3082OK [&hellip;]<\/p>\n","protected":false},"author":1,"featured_media":0,"parent":0,"menu_order":0,"comment_status":"open","ping_status":"closed","template":"","meta":{"footnotes":""},"_links":{"self":[{"href":"https:\/\/barnirun.info\/wp\/noseden\/wp-json\/wp\/v2\/pages\/8"}],"collection":[{"href":"https:\/\/barnirun.info\/wp\/noseden\/wp-json\/wp\/v2\/pages"}],"about":[{"href":"https:\/\/barnirun.info\/wp\/noseden\/wp-json\/wp\/v2\/types\/page"}],"author":[{"embeddable":true,"href":"https:\/\/barnirun.info\/wp\/noseden\/wp-json\/wp\/v2\/users\/1"}],"replies":[{"embeddable":true,"href":"https:\/\/barnirun.info\/wp\/noseden\/wp-json\/wp\/v2\/comments?post=8"}],"version-history":[{"count":1,"href":"https:\/\/barnirun.info\/wp\/noseden\/wp-json\/wp\/v2\/pages\/8\/revisions"}],"predecessor-version":[{"id":29678,"href":"https:\/\/barnirun.info\/wp\/noseden\/wp-json\/wp\/v2\/pages\/8\/revisions\/29678"}],"wp:attachment":[{"href":"https:\/\/barnirun.info\/wp\/noseden\/wp-json\/wp\/v2\/media?parent=8"}],"curies":[{"name":"wp","href":"https:\/\/api.w.org\/{rel}","templated":true}]}}